 t be 1/(-2)*(4 - 0). Suppose -11578 = 3*d - 10*d. Let w(b) = -2*b - 826 - 830 + d + b**2. What is w(t)?
6
Let d = -15579 + 15578. Let o(y) be the second derivative of -3*y**5/20 - y**4/6 - y**3/3 - y**2/2 + 13*y. Determine o(d).
2
Suppose -9 = -5*s + 21. Suppose 3*u - s*u = -24. Let r(j) = 2*j - u*j**3 + 5*j**3 + 2*j**3. Determine r(-2).
4
Let d(w) = 17*w - 151. Let z be d(9). Let t(o) = 5 - o**3 - 34*o + 7*o**2 - 12*o**2 + 29*o - o**z. What is t(-5)?
5
Let v(c) = 268*c - 254. Let f be v(1). Let o(g) = g**2 - 19*g - 1. Calculate o(f).
-71
Let u(i) = -3*i**2 - 2*i - 3731*i**3 + 1244*i**3 + 1244*i**3 + 8*i**2 + 1242*i**3 + 9. What is u(5)?
-1
Let w(f) be the second derivative of -f**5/20 + 5*f**4/4 + 17*f**3/6 - 27*f**2 - 777*f. Give w(16).
-38
Let i(x) = -15*x + 3. Let a be i(-3). Suppose -2*n - 15 = -3*s, -4*n + n - a = 4*s. Let z(q) = 13. Let b(w) = -w. Let j(r) = -b(r) + z(r). What is j(n)?
1
Let w(z) = 0*z + z**2 - 15 - 4*z + 5*z. Suppose -13*y + 11*y = -y. Determine w(y).
-15
Let d be (-2)/(-2)*9/9. Let w(t) be the first derivative of -11*t**2/2 - t + 416. What is w(d)?
-12
Let a(n) = -n**3 - 3*n**2 + n - 2. Let x = 0 + -3. Let l(v) = 6*v - 18. Let f(s) = -7*s + 17. Let t(q) = x*f(q) - 4*l(q). Let p be t(8). Determine a(p).
-5
Let z(h) = 5*h**2 - 3*h + 21. Let x(k) = 7*k**2 - 4*k + 26. Let j(s) = -2*x(s) + 3*z(s). Determine j(3).
17
Let h(o) = -o**3 - 6*o**2 - 3*o - 3. Suppose -5*w + 10 = 0, 3*n - w - 8 = n. Let g(b) = -b**2 - 4*b + 40. Let f be g(n). Give h(f).
-13
Let j(a) = 3*a**2 + 4*a - 3. Let v(x) = 39*x + 9 + 33*x + 32*x - 124*x - 193. Let m be v(-9). Calculate j(m).
29
Let r = 38272 + -38269. Let u(i) be the third derivative of i**5/60 - i**3/3 + 2*i**2. What is u(r)?
7
Let m(z) = z**2 - 12*z + 5. Let j = 564 - 586. Let v(c) = c**2 + 20*c - 34. Let b be v(j). Calculate m(b).
-15
Let h(t) be the third derivative of t**5/30 + t**4/8 - 6*t**3 - 8*t**2 + 5. Determine h(0).
-36
Let j(d) be the first derivative of -52 - 1/3*d**3 + 0*d - 3*d**2. Give j(-5).
5
Let j(f) = f**3 - 9*f**2 + 10*f - 14. Let r be j(8). Let o(p) = -9*p + 14*p - 7*p + r - p + 16. Give o(5).
3
Suppose -1 = -w + h, -4*w - 3*h + 148 - 109 = 0. Let c(y) = -3*y + 6. Calculate c(w).
-12
Let r(f) be the second derivative of -2*f**5/5 - 5*f**4/12 + 5*f**3/6 - f**2/2 - 10080*f. Determine r(2).
-75
Let p(q) be the first derivative of q**3/3 - 51*q**2/2 + 226*q - 4564. Calculate p(5).
-4
Let i(f) = -5*f**2 + 41*f - 7. Let h(x) = 24*x + 200. Let u be h(-8). Give i(u).
1
Let n(w) be the first derivative of w**7/840 - w**6/40 - w**5/12 + w**4/2 + 7*w**3/3 + w - 95. Let i(r) be the third derivative of n(r). Give i(10).
12
Let d(o) = -81*o**2 - 241*o. Let g be d(-3). Suppose 0 = -5*y - u + 39, 0 = u + 3*u - 16. Let v(f) = -y + f - f**2 - 5*f - 2*f. What is v(g)?
-7
Let l(m) be the second derivative of -m**3 - 10*m**2 + 116*m + 2. Give l(-4).
4
Let t(q) = q**3 - 3*q**2 - 5*q - 2. Let s = 25 + 146. Let m = s - 167. What is t(m)?
-6
Let o be 414/21 + 4/14 + 0. Suppose -5*x - 3*k + 3 = 55, -5*k - o = 0. Let c(b) be the first derivative of b**4/4 + 8*b**3/3 - 2*b + 16. What is c(x)?
-2
Let h(i) = i + 1. Let b be (24/9)/(6/(-9)). Let p be 3 - 0/(-3 - b). Suppose -f + p*f + 6 = 0. Determine h(f).
-2
Let y(w) = 16*w + 4. Suppose 230 = -76*m + 80 - 230. Calculate y(m).
-76
Let u(i) = 3*i**2 + 28*i + 44. Let g be ((-175)/28 + 8)/((-6)/48*2). What is u(g)?
-5
Let b(u) = u**3 + 7*u**2 - 6*u - 16. Let v be 17820/(-2214) - ((-36)/123)/6. Give b(v).
-32
Let w(n) = -n**3 + 7*n**2 - 5*n - 2. Let m = 82 + -79. Suppose 2*a - m*a = 1. Let c be (9 + 2 - a)/2. Give w(c).
4
Let f be -2 + (1/1)/(1/(-73)). Let b be (-19)/(-5) - 15/f. Suppose 0 = x - 5*j - 13, -b*j = 2*x + 25 + 5. Let s(c) = -c - 4. Calculate s(x).
3
Let w(l) = -l - 47. Let n be (44/(-8) - -8)*320/(-25). Determine w(n).
-15
Let p = 5399 - 5369. Let q(i) = i**2 - 31*i + 33. Give q(p).
3
Suppose 4*v - 4*p = 512, 0 = -4*v + 8*v + 3*p - 533. Let z(j) = 21 - v*j - 134*j + 264*j. Give z(10).
11
Let b be 1/(-3)*51 + 7. Let a(l) be the second derivative of -l**5/20 - 11*l**4/12 - 5*l**3/3 - 3*l**2/2 + 40*l. Calculate a(b).
-3
Let i(r) = -r**3 + 7*r**2 - 20*r + 84. Let f = 22648 - 22642. What is i(f)?
0
Let u(y) = -15*y - 21*y - 2 + 69 + 31*y. Give u(14).
-3
Suppose 1 = -2*y - 2*w - 3*w, -w = 4*y - 43. Let a(c) = -2*c + 29. Let m be a(y). Let q(j) = 2 + 0*j**2 - 5 + m*j - 8*j - j**2. Calculate q(-4).
-7
Let t(c) = -c**3 + 5 - 3*c + 31*c**2 - 24*c**2 - 4 + 2 - 16*c**2. Determine t(-9).
30
Let w(p) = -7*p**3 - 50*p**2 - 3*p + 3. Let b(r) = -3*r**3 - 21*r**2 - 2*r + 1. Let v(s) = 5*b(s) - 2*w(s). Determine v(-6).
59
Let t(b) = -b**2 + 14 - 292*b - 296*b - 289*b - 3 + 884*b. Let u be 2 + 5 + 4/4. What is t(u)?
3
Suppose -r - 781*y = -783*y - 4, -2*y + 66 = 4*r. Let l(w) = -w - 38. Give l(r).
-52
Let r(f) = -10*f**3 + 2*f**2 + f - 2. Let v(n) = 5*n**2 - 78*n**3 + 157*n**3 + 14*n**2 - 80*n**3 - 2*n - 35*n + 52. Let y be v(17). Calculate r(y).
-9
Let w = -55 + 57. Suppose 6*v = -4*r + v + 13, 2*r + v - 11 = 0. Let q(z) = z**w - r - 6*z + 36 - 16 - 11. What is q(5)?
-3
Suppose -f = -5*j + 45 + 6, 8 = 2*f. Let d(a) = -3 - 3 - 769*a - j + 772*a. Determine d(7).
4
Suppose 5*o + 8 = 6*o. Suppose -8 = 4*z + o. Let f(v) = 4*v**2 + 2 + v**2 - 4 + 5*v + v**3. What is f(z)?
-6
Let a(f) = -21*f + 440. Let p be a(21). Let r(w) = 2*w**2 - 1 - 3*w**2 - 33*w**3 + 40*w**3 - 2*w. Determine r(p).
-7
Suppose -h + 8 = -g + 2, 4*g = 5*h - 23. Let w(p) be the second derivative of 1/6*p**3 + 0 + 2*p - p**2. Determine w(g).
-9
Let b(x) = 18*x - 148. Suppose 43*f = 42*f - j + 3, 0 = 2*f - 5*j - 41. Give b(f).
-4
Let w(c) = c**3 - c**2 - c + 1. Suppose 0*d = -5*i + 5*d + 10, 0 = -2*i - 4*d + 4. Suppose 162 = -i*t + 56. Let z = t - -55. What is w(z)?
3
Let l(g) = 1492*g - 10 - 743*g - 750*g - 9. What is l(-6)?
-13
Let n = 291 + -272. Suppose n*s - 6*s = -104. Let q(u) = -u**3 - 8*u**2 - 2*u - 11. Give q(s).
5
Let p = -17 + 23. Let v be 405/(-18)*(1 - 22/p). Let s be v/(-16) + (-1)/4. Let d(t) = 2*t - 2. What is d(s)?
-10
Let x(u) = 146*u**2 + 16 - 91*u - 54*u**2 - 31*u**2 - 46*u**2 + 12*u. Give x(5).
-4
Let b be 96/144*(-9)/(-2). Let i(u) = -15*u + 5 - 11*u + b + 29*u. Calculate i(0).
8
Let g(x) = x**3 + 10*x**2 + 7*x - 21. Let a be -7*40/700 - (-86)/(-10). Determine g(a).
-3
Let k(t) = 13*t - 12. Let p(j) = j**3 + 9*j**2 - 40*j - 42. Let y be p(-12). Determine k(y).
66
Let v(a) be the second derivative of a**4/12 - 8*a**3/3 - 31*a**2 + 1107*a + 4. What is v(21)?
43
Let m(b) = 3*b**2 - 17*b - 12. Let j(g) = 2*g**3 + 10*g**2 - 19*g - 89. Let w be j(-5). What is m(w)?
-6
Let l(u) be the second derivative of -u**3/6 + 3*u**2/2 + 10*u. Let f be (176/(-11))/8 + (10 - 12). Give l(f).
7
Let f(v) = v**2 - 3*v + 1. Suppose 11*m + 3*m - 826 = 0. Suppose 18*y - 13 = m. Calculate f(y).
5
Suppose 2*w - 44 = 4*q + 4, -5*q - 10 = 0. Let x be (7/(-4))/(5/w). Let p(r) = 57*r + 177 - 25*r - 163 - 31*r. Calculate p(x).
7
Let h(x) = x - 7. Let r be h(9). Let f(u) = -3 + 65*u**r - u - 137*u**2 + 73*u**2 + 2*u. Calculate f(0).
-3
Suppose 2*j + j - 7*j = 0. Suppose 3*h - 7*g + 30 = -10*g, g + 5 = j. Let r(z) = -z + 7. Calculate r(h).
12
Let p(r) = 3*r**2 + 39*r - 4. Let f(o) = -9*o**2 + 9*o + 23*o**2 + 5*o - 13*o**2 + 2 - 3. Let n(l) = -11*f(l) + 4*p(l). Determine n(-5).
10
Let n(j) = j**2 - 8*j - 7. Suppose -6*p + 1036 = -1778. Suppose -35*t = 154 - p. Give n(t).
2
Let j(y) = -3*y - 7. Let p be (-1)/((-5)/4) + (-2892)/(-60). Let m = 49 - p. Let f be j(m). Let n(v) = v**2 + 7*v + 4. Determine n(f).
4
Let d = 46 - 37. Let l(r) be the first derivative of r**4/4 - 10*r**3/3 + 4*r**2 + 13*r + 135. Calculate l(d).
4
Let d(k) = k + 9. Let n = 43 + -40. Let f(o) = 10. Let u(t) = n*f(t) - 4*d(t). Let v(r) = r + 1. Let c(g) = -u(g) - 5*v(g). Give c(6).
-5
Let l = -75 + 111. Let f = 13 - l. Let w = -13 - f. Let j(c) = c**2 - 10*c + 2. What is j(w)?
2
Let w(j) = -4*j - 45. Let n(d) = -73*d + 576. Let m be n(8). What is w(m)?
-13
Let d(m) = 1 + 2*m - 5 - 3*m**2 + 5*m**2. Suppose -5*s + 15 = 23*r - 28*r, 4*s - 21 = r. What is d(r)?
20
Let v(u) = -5*u - 13. Let s(d) = -42*d - 44. Let h(f) = -8*f - 9. Let m(t) = -11*h(t) + 2*s(t). Let k(q) = -6*m(q) - 5*v(q). What is k(1)?
0
Let h(r) = -19*r - 99. Let w(g) = 8*g 